r when 306 is divided by 179.
127
Calculate the remainder when 509 is divided by 15.
14
Calculate the remainder when 1852 is divided by 608.
28
What is the remainder when 666 is divided by 61?
56
What is the remainder when 1561 is divided by 227?
199
What is the remainder when 113 is divided by 21?
8
Calculate the remainder when 4548 is divided by 37.
34
Calculate the remainder when 117 is divided by 27.
9
Calculate the remainder when 323 is divided by 159.
5
Calculate the remainder when 180 is divided by 73.
34
Calculate the remainder when 111 is divided by 35.
6
What is the remainder when 695 is divided by 140?
135
What is the remainder when 403 is divided by 37?
33
What is the remainder when 1486 is divided by 300?
286
What is the remainder when 211 is divided by 101?
9
Calculate the remainder when 646 is divided by 226.
194
Calculate the remainder when 13 is divided by 10.
3
What is the remainder when 112 is divided by 25?
12
What is the remainder when 1458 is divided by 394?
276
Calculate the remainder when 80 is divided by 34.
12
Calculate the remainder when 82 is divided by 11.
5
Calculate the remainder when 2093 is divided by 297.
14
Calculate the remainder when 48 is divided by 14.
6
What is the remainder when 2045 is divided by 4?
1
What is the remainder when 104 is divided by 35?
34
What is the remainder when 4750 is divided by 475?
0
What is the remainder when 1133 is divided by 42?
41
What is the remainder when 190 is divided by 90?
10
What is the remainder when 289 is divided by 12?
1
Calculate the remainder when 132 is divided by 27.
24
Calculate the remainder when 3125 is divided by 1037.
14
Calculate the remainder when 956 is divided by 110.
76
What is the remainder when 699 is divided by 88?
83
What is the remainder when 531 is divided by 56?
27
What is the remainder when 6748 is divided by 321?
7
What is the remainder when 86 is divided by 38?
10
What is the remainder when 440 is divided by 26?
24
What is the remainder when 3266 is divided by 43?
41
Calculate the remainder when 2638 is divided by 30.
28
Calculate the remainder when 574 is divided by 145.
139
Calculate the remainder when 223 is divided by 47.
35
Calculate the remainder when 432 is divided by 33.
3
Calculate the remainder when 541 is divided by 45.
1
Calculate the remainder when 139 is divided by 11.
7
Calculate the remainder when 5121 is divided by 302.
289
What is the remainder when 697 is divided by 28?
25
Calculate the remainder when 95 is divided by 34.
27
Calculate the remainder when 737 is divided by 12.
5
What is the remainder when 679 is divided by 37?
13
Calculate the remainder when 2268 is divided by 99.
90
Calculate the remainder when 939 is divided by 86.
79
What is the remainder when 207 is divided by 72?
63
What is the remainder when 3839 is divided by 24?
23
What is the remainder when 833 is divided by 19?
16
Calculate the remainder when 1519 is divided by 140.
119
What is the remainder when 1333 is divided by 279?
217
What is the remainder when 173 is divided by 173?
0
Calculate the remainder when 102 is divided by 96.
6
Calculate the remainder when 12447 is divided by 25.
22
What is the remainder when 343 is divided by 58?
53
Calculate the remainder when 787 is divided by 187.
39
What is the remainder when 313 is divided by 35?
33
Calculate the remainder when 7657 is divided by 69.
67
What is the remainder when 3114 is divided by 10?
4
What is the remainder when 604 is divided by 101?
99
Calculate the remainder when 6673 is divided by 6.
1
Calculate the remainder when 4796 is divided by 37.
23
What is the remainder when 895 is divided by 23?
21
Calculate the remainder when 111 is divided by 21.
6
What is the remainder when 632 is divided by 72?
56
Calculate the remainder when 49 is divided by 19.
11
Calculate the remainder when 132 is divided by 78.
54
What is the remainder when 709 is divided by 42?
37
Calculate the remainder when 2023 is divided by 14.
7
Calculate the remainder when 157 is divided by 59.
39
What is the remainder when 742 is divided by 50?
42
Calculate the remainder when 277 is divided by 28.
25
What is the remainder when 188 is divided by 21?
20
Calculate the remainder when 42611 is divided by 149.
146
Calculate the remainder when 293 is divided by 49.
48
Calculate the remainder when 70 is divided by 24.
22
What is the remainder when 18343 is divided by 15?
13
What is the remainder when 1334 is divided by 414?
92
Calculate the remainder when 214 is divided by 8.
6
What is the remainder when 2010 is divided by 53?
49
Calculate the remainder when 326 is divided by 49.
32
Calculate the remainder when 57 is divided by 31.
26
Calculate the remainder when 223 is divided by 80.
63
What is the remainder when 77 is divided by 6?
5
What is the remainder when 131 is divided by 77?
54
What is the remainder when 53 is divided by 35?
18
What is the remainder when 1528 is divided by 29?
20
What is the remainder when 20498 is divided by 82?
80
What is the remainder when 48 is divided by 10?
8
What is the remainder when 1238 is divided by 392?
62
Calculate the remainder when 14869 is divided by 67.
62
What is the remainder when 716 is divided by 35?
16
What is the remainder when 382 is divided by 4?
2
Calculate the remainder when 3547 is divided by 16.
11
Calculate the remainder when 484 is divided by 33.
22
Calculate the remainder when 195 is divided by 34.
25
What is the remainder when 359 is divided by 120?
119
Calculate the remainder when 333 is divided by 36.
9
Calculate the remainder when 743 is divided by 53.
1
Calculate the remainder when 330 is divided by 105.
15
Calculate the remainder when 473 is divided by 223.
27
What is the remainder when 288 is divided by 58?
56
Calculate the remainder when 33 is divided by 31.
2
Calculate the remainder when 120 is divided by 19.
6
What is the remainder when 2386 is divided by 184?
178
Calculate the remainder when 2303 is divided by 169.
106
Calculate the remainder when 41 is divided by 11.
8
Calculate the remainder when 17611 is divided by 37.
36
Calculate the remainder when 1450 is divided by 104.
98
What is the remainder when 80 is divided by 71?
9
What is the remainder when 177 is divided by 61?
55
Calculate the remainder when 10566 is divided by 341.
336
What is the remainder when 434 is divided by 139?
17
What is the remainder when 5227 is divided by 15?
7
Calculate the remainder when 68 is divided by 14.
12
What is the remainder when 210 is divided by 99?
12
Calculate the remainder when 5993 is divided by 55.
53
What is the remainder when 41 is divided by 21?
20
What is the remainder when 1028 is divided by 489?
50
What is the remainder when 2346 is divided by 42?
36
Calculate the remainder when 113 is divided by 48.
17
Calculate the remainder when 20 is divided by 15.
5
What is the remainder when 253 is divided by 64?
61
What is the remainder when 525 is divided by 93?
60
What is the remainder when 113 is divided by 15?
8
Calculate the remainder when 132 is divided by 23.
17
Calculate the remainder when 63 is divided by 21.
0
What is the remainder when 440 is divided by 41?
30
What is the remainder when 1817 is divided by 640?
537
Calculate the remainder when 355 is divided by 69.
10
What is the remainder when 1029 is divided by 148?
141
What is the remainder when 344 is divided by 109?
17
What is the remainder when 125 is divided by 13?
8
Calculate the remainder when 1088 is divided by 125.
88
What is the remainder when 1042 is divided by 230?
122
Calculate the remainder when 169 is divided by 43.
40
What is the remainder when 1726 is divided by 19?
16
Calculate the remainder when 9 is divided by 2.
1
What is the remainder when 722 is divided by 33?
29
Calculate the remainder when 344 is divided by 14.
8
What is the remainder when 832 is divided by 80?
32
Calculate the remainder when 730 is divided by 47.
25
Calculate the remainder when 260 is divided by 29.
28
What is the remainder when 647 is divided by 59?
57
What is the remainder when 190 is divided by 18?
10
Calculate the remainder when 204 is divided by 21.
15
Calculate the remainder when 758 is divided by 104.
30
What is the remainder when 1493 is divided by 151?
134
What is the remainder when 426 is divided by 24?
18
Wha